What is the remainder when 1220 is divided by 535?
150
Calculate the remainder when 13172 is divided by 665.
537
Calculate the remainder when 4442 is divided by 398.
64
What is the remainder when 2984 is divided by 54?
14
What is the remainder when 28981 is divided by 606?
499
What is the remainder when 279569 is divided by 30?
29
Calculate the remainder when 76887 is divided by 105.
27
Calculate the remainder when 1509 is divided by 37.
29
Calculate the remainder when 80046 is divided by 1538.
70
What is the remainder when 23064 is divided by 23058?
6
Calculate the remainder when 3224 is divided by 204.
164
What is the remainder when 6533 is divided by 600?
533
What is the remainder when 26718 is divided by 25?
18
Calculate the remainder when 26554 is divided by 32.
26
What is the remainder when 26059 is divided by 250?
59
Calculate the remainder when 6939 is divided by 2328.
2283
What is the remainder when 8658 is divided by 127?
22
What is the remainder when 833333 is divided by 184?
181
What is the remainder when 73238 is divided by 626?
622
Calculate the remainder when 170133 is divided by 257.
256
Calculate the remainder when 2190079 is divided by 580.
579
Calculate the remainder when 2918 is divided by 16.
6
What is the remainder when 108442 is divided by 73?
37
What is the remainder when 30204 is divided by 272?
12
What is the remainder when 294852 is divided by 98284?
0
What is the remainder when 22150 is divided by 963?
1
What is the remainder when 66578 is divided by 18?
14
What is the remainder when 182471 is divided by 266?
261
What is the remainder when 29800 is divided by 1563?
103
Calculate the remainder when 690 is divided by 439.
251
What is the remainder when 1087633 is divided by 465?
463
What is the remainder when 10166 is divided by 46?
0
Calculate the remainder when 12517 is divided by 20.
17
What is the remainder when 14210 is divided by 165?
20
Calculate the remainder when 24188 is divided by 931.
913
What is the remainder when 684840 is divided by 2181?
6
Calculate the remainder when 140797 is divided by 1482.
7
Calculate the remainder when 109828 is divided by 284.
204
Calculate the remainder when 8984 is divided by 277.
120
Calculate the remainder when 271867 is divided by 7996.
3
Calculate the remainder when 229505 is divided by 114744.
17
What is the remainder when 11832 is divided by 10?
2
What is the remainder when 5153 is divided by 66?
5
Calculate the remainder when 43882 is divided by 77.
69
What is the remainder when 271157 is divided by 43?
42
What is the remainder when 1345 is divided by 543?
259
Calculate the remainder when 8358 is divided by 83.
58
Calculate the remainder when 1327 is divided by 1317.
10
What is the remainder when 63077 is divided by 360?
77
Calculate the remainder when 426 is divided by 83.
11
Calculate the remainder when 27621 is divided by 196.
181
Calculate the remainder when 1348 is divided by 168.
4
Calculate the remainder when 2787757 is divided by 39.
37
What is the remainder when 2435127 is divided by 90?
87
What is the remainder when 15243 is divided by 311?
4
What is the remainder when 1395 is divided by 62?
31
What is the remainder when 3027189 is divided by 487?
484
Calculate the remainder when 6033028 is divided by 909.
904
Calculate the remainder when 44363 is divided by 3696.
11
Calculate the remainder when 19713 is divided by 3940.
13
Calculate the remainder when 5488 is divided by 899.
94
Calculate the remainder when 69725 is divided by 27.
11
What is the remainder when 5862 is divided by 164?
122
Calculate the remainder when 8404 is divided by 7746.
658
Calculate the remainder when 4576 is divided by 731.
190
What is the remainder when 55256 is divided by 1?
0
What is the remainder when 1139 is divided by 1030?
109
What is the remainder when 365438 is divided by 73086?
8
What is the remainder when 10632 is divided by 242?
226
What is the remainder when 1114 is divided by 300?
214
Calculate the remainder when 10245 is divided by 54.
39
Calculate the remainder when 7378 is divided by 3652.
74
Calculate the remainder when 24370 is divided by 12179.
12
Calculate the remainder when 419 is divided by 40.
19
Calculate the remainder when 4710 is divided by 193.
78
What is the remainder when 1552 is divided by 1542?
10
Calculate the remainder when 103976 is divided by 346.
176
What is the remainder when 358416 is divided by 141?
135
Calculate the remainder when 103872 is divided by 132.
120
Calculate the remainder when 4738 is divided by 1525.
163
What is the remainder when 27790 is divided by 109?
104
Calculate the remainder when 768183 is divided by 524.
523
What is the remainder when 4139 is divided by 122?
113
What is the remainder when 31081 is divided by 63?
22
Calculate the remainder when 1458 is divided by 460.
78
What is the remainder when 62754 is divided by 2163?
27
Calculate the remainder when 108086 is divided by 36.
14
What is the remainder when 1008 is divided by 374?
260
What is the remainder when 59384 is divided by 989?
44
Calculate the remainder when 49938 is divided by 220.
218
What is the remainder when 11025 is divided by 298?
297
What is the remainder when 44186 is divided by 172?
154
Calculate the remainder when 74865 is divided by 24910.
135
What is the remainder when 10840 is divided by 10331?
509
What is the remainder when 1727 is divided by 9?
8
Calculate the remainder when 34099 is divided by 164.
151
What is the remainder when 47800 is divided by 18?
10
Calculate the remainder when 2097902 is divided by 268.
266
Calculate the remainder when 4133 is divided by 26.
25
What is the remainder when 271677 is divided by 783?
759
Calculate the remainder when 53829 is divided by 37.
31
What is the remainder when 460175 is divided by 8?
7
Calculate the remainder when 355672 is divided by 21.
16
Calculate the remainder when 19974 is divided by 416.
6
Calculate the remainder when 1232 is divided by 582.
68
What is the remainder when 2519 is divided by 76?
11
Calculate the remainder when 39783 is divided by 196.
191
What is the remainder when 9485 is divided by 73?
68
What is the remainder when 3414151 is divided by 56?
55
Calculate the remainder when 2267 is divided by 52.
31
What is the remainder when 336578 is divided by 64?
2
What is the remainder when 83580 is divided by 175?
105
What is the remainder when 5316 is divided by 5234?
82
Calculate the remainder when 8766 is divided by 7420.
1346
Calculate the remainder when 45596 is divided by 96.
92
What is the remainder when 33008 is divided by 14?
10
Calculate the remainder when 72412 is divided by 18099.
16
Calculate the remainder when 1142 is divided by 51.
20
Calculate the remainder when 4502 is divided by 1451.
149
Calculate the remainder when 13392 is divided by 1115.
12
Calculate the remainder when 13945 is divided by 2317.
43
Calculate the remainder when 3873 is divided by 622.
141
What is the remainder when 306904 is divided by 2895?
34
Calculate the remainder when 491891 is divided by 45.
41
What is the remainder when 22795 is divided by 76?
71
What is the remainder when 143096 is divided by 730?
16
What is the remainder when 156345 is divided by 19536?
57
What is the remainder when 27440 is divided by 13682?
76
Calculate the remainder when 25743 is divided by 156.
3
Calculate the remainder when 24994 is divided by 77.
46
Calculate the remainder when 38354 is divided by 2932.
238
Calculate the remainder when 97627 is divided by 2169.
22
What is the remainder when 1646 is divided by 446?
308
Calculate the remainder when 44150 is divided by 166.
160
What is the remainder when 4986 is divided by 1?
0
Calculate the remainder when 22 is divided by 17.
5
What is the remainder when 688453 is divided by 137688?
13
What is the remainder when 95817 is divided by 998?
9
What is the remainder when 6187 is divided by 1283?
1055
What is the remainder when 74254 is divided by 442?
440
Calculate the remainder when 11367 is divided by 1033.
4
Calculate the remainder when 107574 is divided by 328.
318
Calculate the remainder when 720028 is divided by 17.
10
Calculate the remainder when 2260 is divided by 366.
64
Calculate the remainder when 44 is divided by 35.
9
Calculate the remainder when 175631 is divided b